706120 and 720?
360
What is the highest common divisor of 57936 and 1744?
16
What is the greatest common factor of 13 and 136877?
13
What is the highest common divisor of 2783171 and 298?
149
What is the greatest common divisor of 21608 and 145336?
296
What is the highest common factor of 3573795 and 60?
15
What is the highest common divisor of 25576 and 736?
184
What is the highest common factor of 20046 and 3?
3
What is the highest common factor of 4128 and 2242192?
688
Calculate the highest common divisor of 6669 and 3591.
513
Calculate the greatest common factor of 1760 and 624305.
55
Calculate the greatest common divisor of 45 and 1468152.
9
Calculate the highest common factor of 8 and 127784.
8
What is the highest common divisor of 343262 and 472?
118
What is the greatest common factor of 15444 and 10179?
351
Calculate the greatest common divisor of 2309 and 117.
1
Calculate the highest common factor of 5 and 4859605.
5
Calculate the highest common factor of 31750 and 6250.
250
Calculate the highest common factor of 249678 and 65087.
1067
Calculate the highest common factor of 164 and 194668.
164
Calculate the highest common divisor of 1958 and 205946.
178
Calculate the greatest common divisor of 49896 and 364.
28
What is the highest common factor of 5356 and 53148?
412
What is the greatest common factor of 8302 and 4662?
14
What is the greatest common divisor of 1197903 and 435?
87
What is the highest common divisor of 11946 and 594?
66
What is the highest common factor of 522750 and 96?
6
Calculate the highest common divisor of 79002 and 1188.
594
Calculate the highest common divisor of 854847 and 378.
189
Calculate the highest common factor of 224 and 56192.
32
What is the highest common factor of 140 and 4420?
20
What is the highest common divisor of 2900 and 7850?
50
Calculate the greatest common factor of 312 and 1077492.
156
What is the greatest common factor of 16471 and 3077?
181
Calculate the highest common divisor of 3704 and 776.
8
Calculate the highest common divisor of 12 and 932.
4
Calculate the highest common factor of 12645 and 16.
1
What is the highest common factor of 252 and 78183?
63
Calculate the highest common factor of 159 and 159.
159
Calculate the greatest common factor of 24257 and 1143.
127
Calculate the highest common factor of 1582 and 35708.
226
Calculate the highest common divisor of 171948 and 16821.
1869
What is the greatest common factor of 6364 and 12212?
172
What is the greatest common factor of 2044 and 280612?
292
What is the highest common factor of 10282 and 1358?
194
What is the greatest common divisor of 21432 and 29892?
564
Calculate the highest common divisor of 1681 and 4.
1
What is the greatest common factor of 1085 and 56945?
35
What is the greatest common divisor of 1092 and 29232?
84
Calculate the greatest common divisor of 12944 and 256.
16
What is the greatest common factor of 19502 and 196?
98
Calculate the highest common divisor of 172130 and 224.
14
Calculate the highest common divisor of 93 and 1323731.
31
What is the highest common divisor of 1435 and 42845?
205
What is the greatest common divisor of 1316 and 2491?
47
Calculate the greatest common divisor of 11591 and 4498.
173
What is the highest common divisor of 205 and 9143?
41
What is the highest common divisor of 462 and 1111?
11
Calculate the highest common divisor of 212078 and 76.
38
Calculate the greatest common factor of 32 and 215104.
32
What is the greatest common divisor of 2445 and 4?
1
Calculate the greatest common divisor of 52 and 11588.
4
Calculate the greatest common factor of 437 and 4011223.
437
What is the highest common divisor of 175 and 173495?
35
What is the greatest common divisor of 1265 and 621?
23
Calculate the highest common divisor of 1863 and 918.
27
What is the greatest common factor of 43660 and 16?
4
Calculate the highest common factor of 3469476 and 152.
76
What is the highest common divisor of 1471440 and 240?
240
Calculate the greatest common factor of 47 and 8031219.
47
Calculate the highest common divisor of 21189 and 105.
21
What is the greatest common factor of 2115 and 6063?
141
Calculate the greatest common factor of 45 and 25595.
5
Calculate the greatest common factor of 230991 and 1110.
111
What is the highest common factor of 2 and 4575998?
2
Calculate the highest common factor of 9464 and 16.
8
What is the greatest common divisor of 519 and 5?
1
Calculate the greatest common factor of 483 and 24472.
161
What is the highest common factor of 24 and 1147596?
12
What is the greatest common factor of 3408 and 1012?
4
Calculate the highest common divisor of 23430 and 285.
15
What is the greatest common divisor of 184775 and 50?
25
Calculate the highest common factor of 11451 and 66.
33
What is the highest common factor of 160181 and 16807?
343
What is the greatest common factor of 1120 and 6750?
10
Calculate the highest common divisor of 4865 and 315.
35
Calculate the highest common factor of 61218 and 2394.
342
Calculate the greatest common divisor of 1380 and 3412.
4
Calculate the highest common divisor of 230 and 7190.
10
Calculate the greatest common divisor of 468 and 6916.
52
Calculate the highest common divisor of 15720 and 90.
30
What is the highest common factor of 6 and 14298?
6
What is the highest common divisor of 11099 and 8173?
11
Calculate the highest common divisor of 46 and 12313027.
23
Calculate the greatest common factor of 9675 and 567.
9
What is the highest common factor of 38941 and 7?
7
What is the greatest common divisor of 4339 and 9?
1
Calculate the greatest common factor of 1880 and 9560.
40
What is the greatest common divisor of 83334 and 30362?
646
Calculate the highest common factor of 1654856 and 12992.
1624
Calculate the greatest common factor of 2936223 and 6.
3
Calculate the highest common divisor of 1765372 and 245.
49
Calculate the greatest common factor of 1971 and 9189.
9
What is the highest common divisor of 1740 and 543?
3
What is the greatest common divisor of 104 and 25922?
26
What is the greatest common divisor of 646380 and 132?
12
What is the greatest common divisor of 18170 and 25070?
230
What is the highest common divisor of 119448 and 8?
8
What is the greatest common divisor of 168 and 18060?
84
What is the greatest common factor of 129795 and 153?
51
Calculate the highest common factor of 212 and 36836.
4
Calculate the greatest common divisor of 243339 and 522.
87
Calculate the highest common factor of 58540 and 1910.
10
What is the highest common factor of 301224 and 6776?
616
Calculate the greatest common divisor of 61102 and 3568.
446
Calculate the highest common divisor of 211737 and 7824.
489
What is the highest common divisor of 238 and 377111?
119
What is the highest common divisor of 12864 and 76?
4
What is the greatest common factor of 1182167 and 29505?
1967
What is the greatest common divisor of 808 and 55247?
101
Calculate the greatest common divisor of 203374 and 122.
122
Calculate the greatest common factor of 8640 and 6210.
270
What is the highest common divisor of 1149 and 12585?
3
Calculate the highest common divisor of 2 and 61658.
2
Calculate the greatest common divisor of 43690 and 50372.
514
What is the greatest common factor of 359955 and 120?
15
Calculate the greatest common factor of 156072 and 112.
56
Calculate the greatest common divisor of 239763 and 4351.
229
What is the greatest common divisor of 4 and 973?
1
Calculate the highest common factor of 11 and 6391.
11
Calculate the highest common divisor of 69 and 107249.
23
What is the greatest common divisor of 36274 and 28?
14
Calculate the highest common divisor of 13 and 533.
13
Calculate the highest common factor of 78 and 13530.
6
Calculate the greatest common factor of 11183 and 59713.
211
What is the greatest common divisor of 202 and 67?
1
What is the greatest common divisor of 17719 and 6032?
377
What is the highest common divisor of 317502 and 26226?
558
What is the greatest common divisor of 2 and 4315504?
2
Calculate the greatest common factor of 75 and 561870.
15
Calculate the highest common factor of 45 and 1133505.
45
What is the highest common divisor of 3254015 and 166?
83
Calculate the greatest common factor of 3546 and 12608.
394
Calculate t